{"id":209,"date":"2019-12-16T09:53:59","date_gmt":"2019-12-16T08:53:59","guid":{"rendered":"http:\/\/www.maxmayerhofer.at\/wordpress\/?page_id=209"},"modified":"2025-12-18T14:44:40","modified_gmt":"2025-12-18T13:44:40","slug":"moderator","status":"publish","type":"page","link":"https:\/\/www.maxmayerhofer.at\/wordpress\/","title":{"rendered":"Moderator"},"content":{"rendered":"\n\n\t\t\t\t<img decoding=\"async\" src=\"https:\/\/www.maxmayerhofer.at\/wordpress\/wp-content\/uploads\/2025\/12\/Headerbild_mitSchrift-2.png\" alt=\"Headerbild_mitSchrift-2\" itemprop=\"image\" height=\"1294\" width=\"2300\" title=\"Headerbild_mitSchrift-2\" onerror=\"this.style.display='none'\" loading=\"lazy\" \/>\n<h4  data-animation-delay=\"0\" data-animation-duration=\"1\">\n\t\t\tMax Mayerhofer\t<\/h4>\n\t<strong>F\u00fcr Max Mayerhofer war es immer schon leichter eine Rede zu halten als den Mund.<br \/>\n<\/strong><strong>Bewaffnet mit einer spitzen Zunge, sorgt er f\u00fcr entwaffnende Momente auf jeder B\u00fchne &#8211;<br \/>\n<\/strong><strong>Information und niveauvolle Unterhaltung in einer perfekten Symbiose.<\/strong> \nMit seinen \u201eProfessional Summaries&#8220; bringt er auch die gr\u00f6\u00dften Vordenker zum Nachdenken und die G\u00e4ste zum Staunen.<br \/>\nSeine Schlagfertigkeit und sein spitzb\u00fcbischer Charme machen jede Veranstaltung zu einer humorvollen Gala der Kurzweiligkeit.<br \/>\n\u00dcber 1300 Auftritte in den Bereichen Wirtschaft, Politik, Sport und Kultur hat er bereits hinter sich und \u00fcber die B\u00fchne gebracht.<br \/>\nJetzt fehlt ihm nur noch einer: \n<p><strong>Ihr Auftritt, bitte!<\/strong><\/p>\n<h4  data-animation-delay=\"0\" data-animation-duration=\"1\">\n\t\t\tSein B\u00fchnenprogramm\t<\/h4>\n\t<h3>Moderation<\/h3><p>Humorvoll auf den Punkt gebracht.<\/p>\n\t<h3>Business-Comedy<\/h3>Ihre Vorstellungen in einer<br \/>\nperfekten Vorstellung.\n\t<h3>Professional Summary<\/h3>Lange Reden kurz gefasst\u00a0 &#8211;<br \/>\nein Pointen-Stakkato f\u00fcr Zwischendurch.\n\tNat\u00fcrlich gibt\u00b4s Max Mayerhofer auch als \u00fcberkomplettes \u201eGesamtpaket&#8220; f\u00fcr Ihren Event.<br \/>\nEr moderiert f\u00fcr Sie und Ihre G\u00e4ste, fasst die Vortr\u00e4ge der einzelnen Speaker humorvoll zusammen<br \/>\nund verabschiedet das Publikum mit einer Comedy-Performance der etwas anderen Art,<br \/>\n<strong>frei nach dem Motto: Spontanit\u00e4t muss wohl \u00fcberlegt sein.<\/strong>\n<p>\u00a0<\/p>\n<p>&nbsp;<\/p>\n<h4  data-animation-delay=\"0\" data-animation-duration=\"1\">\n\t\t\tKundenstimmen\t<\/h4>\n\t\t\t<p>Einer der besten Moderatoren die ich kenne. Die Allzweckwaffe f\u00fcr jede Veranstaltung. Ich bin von ihm mehr als nur begeistert! <br \/>Die Kombination aus Wortwitz, Fachkompetenz und Charme gibt es so in Europa wahrscheinlich kein zweites Mal. <br \/>Max kr\u00f6nt jeden Event mit der n\u00f6tigen Prise Humor und schafft es gleichzeitig alle wichtigen Themen kurz und knackig zu vermitteln. <br \/>Dieser Typ ist ein wahrer Genuss und absolutes Highlight!<em>Ged\u00e4chtnistrainer Markus Hofmann<\/em><\/p>\t\t\n\t\t\t<p>Max moderiert seit 14 Jahren den Gastrobizz-Kongress. Er hat in Hamburg, Dresden, Prag, Krakau, Venedig, Zagreb und Warschau immer wieder die G\u00e4ste mit seinen unnachahmlichen Moderationen zum Lachen und Nachdenken gebracht und zu seinen Fans gemacht. <br \/>Deswegen: ***** Sterne und 3 Hauben f\u00fcr den charmanten Glatzkopf.<em>Herbert Starl, Gastrobizz<\/em><\/p>\t\t\n\t\t\t<p>Chapeau!<em>Hermann Scherer<\/em><\/p>\t\t\n<h4  data-animation-delay=\"0\" data-animation-duration=\"1\">\n\t\t\tReferenzen\t<\/h4>\n\t<strong>&#8230; von A-Z<br \/>\n<\/strong>ALFAROMEOALPINEARDEXAVEBANKAUSTRIABASFBAXTERBMDBMWBRAUUNIONCASINOSAUSTRIACCPFEIFFEREGGERENERGIEAGERSTEBANKESTEELAUDEREVNFACCFRONIUSFTIFUJITSUSIEMENSFARNATM\u00d6BELHARTLAUERHYPOBANKIFEIKEAINTERNOMRKAPSCHKIKAKROESWANGLAGERHAUSNOEVERSICHERUNGENLEINERLEITLLIFERADIOMAXIMARKT<br \/>\nMCDONALDSMCEMEDIAMARKTMMKARTONOBERBANKOMVPAPPASPBSAGPHIONPOLYTECPORSCHERAIFFEISENREWE<br \/>\nROSENBAUERSCANIASPARSPARKASSESTIEGLSTRABAGAGTOBACCOLANDUNIQAVACEVOLKSBANKVOESTALPINEWKOWIENERSTAEDTISCHEXOLARZURICHZAUNERGROUP&#8230;UVM<strong><br \/>\n<\/strong>\n<p>\u00a0<\/p>\n\t\t<h3>Max macht mehr als gute Laune<\/h3>\n\t\t\t<a href=\"https:\/\/attack.at\/\" target=\"_blank\" rel=\"noopener\">\n\t\t\t\t\t\t\tWerbeagentur attack\n\t\t\t\t\t<\/a>\n\n","protected":false},"excerpt":{"rendered":"<p>Max Mayerhofer F\u00fcr Max Mayerhofer war es immer schon leichter eine Rede zu halten als den Mund. Bewaffnet mit einer spitzen Zunge, sorgt er f\u00fcr entwaffnende Momente auf jeder B\u00fchne &#8211; Information und niveauvolle Unterhaltung in einer perfekten Symbiose. Mit seinen \u201eProfessional Summaries&#8220; bringt er auch die gr\u00f6\u00dften Vordenker zum Nachdenken und die G\u00e4ste zum&hellip;<\/p>\n","protected":false},"author":1,"featured_media":0,"parent":0,"menu_order":0,"comment_status":"closed","ping_status":"closed","template":"","meta":{"footnotes":""},"class_list":["post-209","page","type-page","status-publish","hentry"],"_links":{"self":[{"href":"https:\/\/www.maxmayerhofer.at\/wordpress\/wp-json\/wp\/v2\/pages\/209","targetHints":{"allow":["GET"]}}],"collection":[{"href":"https:\/\/www.maxmayerhofer.at\/wordpress\/wp-json\/wp\/v2\/pages"}],"about":[{"href":"https:\/\/www.maxmayerhofer.at\/wordpress\/wp-json\/wp\/v2\/types\/page"}],"author":[{"embeddable":true,"href":"https:\/\/www.maxmayerhofer.at\/wordpress\/wp-json\/wp\/v2\/users\/1"}],"replies":[{"embeddable":true,"href":"https:\/\/www.maxmayerhofer.at\/wordpress\/wp-json\/wp\/v2\/comments?post=209"}],"version-history":[{"count":43,"href":"https:\/\/www.maxmayerhofer.at\/wordpress\/wp-json\/wp\/v2\/pages\/209\/revisions"}],"predecessor-version":[{"id":431,"href":"https:\/\/www.maxmayerhofer.at\/wordpress\/wp-json\/wp\/v2\/pages\/209\/revisions\/431"}],"wp:attachment":[{"href":"https:\/\/www.maxmayerhofer.at\/wordpress\/wp-json\/wp\/v2\/media?parent=209"}],"curies":[{"name":"wp","href":"https:\/\/api.w.org\/{rel}","templated":true}]}}